 common factor of 4586645 and 4825?
965
What is the greatest common factor of 8940834 and 7?
7
Calculate the greatest common factor of 26548715 and 127.
127
What is the highest common factor of 135419436 and 1917?
639
Calculate the highest common divisor of 1022640 and 420.
60
Calculate the greatest common divisor of 581212478 and 22.
22
What is the highest common divisor of 4815 and 22566942?
963
Calculate the highest common divisor of 846381930 and 30.
30
What is the greatest common divisor of 89825744 and 1535?
307
What is the greatest common divisor of 83056379 and 864283?
12173
What is the greatest common factor of 34485099 and 264?
33
What is the highest common factor of 1943400 and 2500?
100
Calculate the greatest common divisor of 58507 and 74579.
41
Calculate the highest common divisor of 837 and 1608879.
3
What is the greatest common divisor of 5349 and 798?
3
Calculate the highest common divisor of 315294 and 1806.
42
What is the greatest common divisor of 684 and 1558488?
12
Calculate the greatest common divisor of 810 and 48646440.
270
Calculate the greatest common divisor of 30178829 and 138.
23
What is the greatest common factor of 611303 and 41888?
1309
What is the greatest common factor of 981652 and 84?
28
Calculate the greatest common divisor of 5961 and 661645169.
1987
What is the highest common factor of 1001 and 3368981?
77
Calculate the greatest common factor of 20541792 and 2272.
32
Calculate the greatest common divisor of 192 and 1122024.
24
What is the highest common divisor of 18155898 and 204?
102
What is the highest common factor of 21354 and 5676?
6
Calculate the highest common divisor of 81850675 and 115.
115
What is the highest common divisor of 6743645 and 3060?
85
Calculate the greatest common factor of 5860 and 2000.
20
Calculate the greatest common divisor of 99 and 158529129.
33
What is the highest common divisor of 150854078 and 942?
314
What is the greatest common divisor of 24 and 36607476?
12
What is the highest common factor of 51963 and 381?
3
Calculate the highest common divisor of 5476 and 17634089.
1369
What is the greatest common factor of 10906 and 3818734?
38
Calculate the greatest common divisor of 8597155 and 20.
5
What is the highest common divisor of 2056771 and 2827?
257
What is the greatest common factor of 1166 and 36894572?
1166
What is the greatest common divisor of 16893108 and 324?
36
What is the greatest common factor of 23052156 and 156?
12
What is the greatest common factor of 135149 and 660030?
3143
Calculate the highest common divisor of 5948250 and 6.
6
Calculate the highest common factor of 5650762172 and 1276.
1276
Calculate the highest common factor of 867250 and 80.
10
Calculate the greatest common divisor of 37651558 and 1731.
577
Calculate the highest common divisor of 1148964 and 212.
4
Calculate the greatest common factor of 30686 and 297614.
134
Calculate the greatest common divisor of 157 and 1413544319.
157
What is the highest common divisor of 104401517 and 11?
11
What is the greatest common divisor of 6072 and 339064?
88
What is the greatest common divisor of 2530 and 68167?
11
What is the highest common factor of 9876610 and 87478?
382
Calculate the greatest common factor of 43712905 and 2510.
1255
What is the greatest common factor of 221141 and 52513473?
2147
Calculate the highest common factor of 8 and 166151.
1
Calculate the highest common factor of 30375 and 261800.
25
What is the highest common factor of 1793 and 134002?
11
Calculate the highest common divisor of 255 and 15190185.
15
Calculate the highest common divisor of 52 and 3681080.
52
What is the highest common factor of 34 and 2778752?
34
What is the highest common divisor of 132118059 and 129?
129
What is the highest common factor of 272358867 and 66?
33
Calculate the highest common factor of 77580 and 76716.
36
What is the greatest common divisor of 2961935305 and 70?
35
What is the highest common factor of 25416 and 27336?
24
Calculate the greatest common factor of 2512 and 213936.
16
Calculate the greatest common factor of 43900 and 7975.
25
What is the highest common factor of 1973171 and 178087?
103
Calculate the highest common divisor of 202 and 38831066.
202
Calculate the highest common divisor of 1665 and 1148625.
45
Calculate the greatest common factor of 486076 and 982796.
3548
Calculate the greatest common divisor of 17185 and 18041795.
2455
Calculate the greatest common divisor of 786 and 117888.
6
Calculate the highest common divisor of 8464 and 15194996.
2116
Calculate the greatest common divisor of 158348 and 160738544.
5108
What is the highest common factor of 32337 and 333?
9
What is the greatest common divisor of 174 and 109986096?
174
What is the highest common divisor of 1914674 and 242?
2
What is the highest common divisor of 373641 and 609771?
1389
What is the highest common divisor of 60 and 1111990350?
30
Calculate the highest common divisor of 26 and 1752788063.
13
What is the greatest common factor of 49152 and 3040?
32
Calculate the highest common divisor of 4 and 17897018.
2
Calculate the greatest common factor of 16420530 and 3990.
210
What is the greatest common divisor of 3511609 and 13366?
41
What is the greatest common divisor of 9534115 and 1501?
79
What is the highest common divisor of 50 and 13826740?
10
Calculate the greatest common divisor of 873833 and 32472.
41
What is the highest common factor of 917506 and 632?
158
Calculate the highest common factor of 66172 and 311548.
284
Calculate the highest common factor of 381 and 209147537.
127
Calculate the highest common factor of 216909 and 100485.
693
Calculate the highest common factor of 27 and 502965558.
27
What is the highest common divisor of 2910 and 328290?
30
What is the highest common divisor of 19267384 and 11870?
2374
Calculate the highest common factor of 9558 and 1028646.
54
What is the highest common factor of 69020 and 12026140?
2380
Calculate the greatest common divisor of 2349 and 155005.
29
What is the greatest common divisor of 230609232 and 266?
266
Calculate the highest common divisor of 1553901 and 1.
1
Calculate the highest common divisor of 230 and 200137145.
115
Calculate the greatest common factor of 9344 and 24558368.
2336
Calculate the highest common divisor of 12255704 and 47696.
2168
What is the greatest common divisor of 67824 and 193177824?
7536
Calculate the greatest common divisor of 600 and 16558.
2
What is the greatest common divisor of 2590 and 34034635?
185
What is the highest common divisor of 25585 and 2364355?
1505
What is the highest common divisor of 719835 and 5?
5
Calculate the highest common divisor of 10 and 1887746.
2
What is the greatest common factor of 1616912 and 2596?
44
What is the greatest common divisor of 266163951 and 11628?
969
Calculate the highest common factor of 21356364 and 44484.
4044
Calculate the greatest common divisor of 16592 and 99596591.
1037
Calculate the greatest common divisor of 274950130 and 364.
182
What is the highest common divisor of 30576 and 23264514?
3822
Calculate the highest common factor of 56463 and 4207467.
1947
What is the highest common factor of 153630 and 13?
1
What is the greatest common factor of 49377540 and 1644?
1644
Calculate the greatest common factor of 77 and 17314913.
77
What is the highest common factor of 1221 and 13846140?
1221
Calculate the greatest common factor of 5814180 and 8100.
1620
What is the highest common factor of 39918823 and 46?
23
What is the greatest common factor of 6631 and 91905311?
349
What is the greatest common factor of 672 and 9390432?
96
What is the highest common factor of 7 and 3205391?
7
What is the highest common factor of 453056737 and 28?
7
What is the greatest common factor of 506 and 183034?
46
What is the greatest common divisor of 22339 and 5224063?
251
Calculate the highest common factor of 6076 and 76101683.
217
Calculate the greatest common divisor of 8 and 3066395.
1
What is the highest common divisor of 919 and 33597721?
919
What is the greatest common divisor of 962159 and 47058?
253
What is the greatest common factor of 180867686 and 472?
118
Calculate the highest common divisor of 411059153 and 164.
41
What is the greatest common factor of 2698524 and 624?
12
Wha